 = 22 - 11. What are the prime factors of x?
11
Suppose -17 = -3*f + 5*t - 0*t, 5*t = -f - 1. Suppose -f*g = p + 10, -6*p + 3*p + 18 = -4*g. Suppose 18 = p*y - 12. What are the prime factors of y?
3, 5
Let f = 17 - 26. Let l = -51 + 33. Let m = f - l. What are the prime factors of m?
3
Suppose 5*k = 9*k - 176. List the prime factors of k.
2, 11
Suppose 0 = 3*q - l + 5*l - 4, 4*q - 5 = -5*l. Suppose -2*m + 2*o - 1 = 1, q = 2*m - 3*o + 5. Suppose -8 = -m*k - 2*k. List the prime factors of k.
2
Let u(l) = 4*l + 2. Let x be u(2). Let t = -2 + x. Let h = t - -6. List the prime factors of h.
2, 7
Suppose -7*h + 448 + 217 = 0. What are the prime factors of h?
5, 19
Let j be 0*((-9)/(-6) - 2). Suppose -5*s + 4 + 6 = j. List the prime factors of s.
2
List the prime factors of -4 + 0 + (0 - -22*9).
2, 97
Let z(b) be the first derivative of -7/2*b**2 - 3 - 7*b - 1/3*b**3. List the prime factors of z(-5).
3
Let h(a) = -a**2 + 6*a + 1. Let n be h(7). Let p = 6 + n. Suppose -5*g = -p*g - 35. What are the prime factors of g?
7
Let g(z) = -12*z**2 - 1. Let i be g(-1). Let h = 19 + i. List the prime factors of h.
2, 3
Suppose -21 = -5*r + n, 0 = -n + 3 + 1. Suppose -5*w - r*z + 31 = -49, 5*w + 2*z - 95 = 0. List the prime factors of w.
3, 7
Let y be 0*(1 + 0) + 0. Let i be (-14)/(-49) - 52/(-14). Suppose i*a - 8 = -y*a. List the prime factors of a.
2
Suppose 0 = -2*o - 5*r + 519, 11*r - 8*r = -3. What are the prime factors of o?
2, 131
Let c(h) = -h**3 - 3*h**2 + h. Let b be (-1 - (-13 + 1)) + 1. Suppose -4*i = i - 2*z + 28, -2*z = 5*i + b. What are the prime factors of c(i)?
2, 3
Suppose -5*c = -c - 72. Let p = 14 - 8. Let i = c - p. What are the prime factors of i?
2, 3
Suppose 1 = -v + 4*x, -6*v + 5 = -5*v + 2*x. Suppose g = 2*g + q - v, q = 3*g + 11. Let h = g + 20. What are the prime factors of h?
2, 3
Let g(w) = w**2 - 7*w + 8. Let a be g(6). Let n be 2 - 44/24 - 14/12. List the prime factors of (a/4)/n*-22.
11
Let w(a) = -a**2 + 12*a - 10. What are the prime factors of w(9)?
17
Suppose 0*q - 3*q + 12 = 0. Suppose 5*w - 121 = l - q*l, 2*l - 59 = w. What are the prime factors of l?
2
Suppose 3*a + 14 = 3*s - s, 0 = -a - 5*s - 33. Let y be (-1 - 1)*(-13)/2. Let b = y + a. What are the prime factors of b?
5
Let w be (3 + (-30)/9)*0. Suppose -5 = 3*z - 5*l, -3*z + w*l + 3*l + 3 = 0. Suppose 0 = z*j - 34 + 4. List the prime factors of j.
2, 3
Let d = -7 - -4. Let f(b) = -8*b + 6. List the prime factors of f(d).
2, 3, 5
Let h(r) = 2*r - 3. Let x be 2/2*(0 - 6). Let a = -3 - x. What are the prime factors of h(a)?
3
Let p = 4 + -2. Let q(v) = 8*v**2 - 6*v - 6. Let k(g) = 15*g**2 - 11*g - 11. Let u(b) = 4*k(b) - 7*q(b). List the prime factors of u(p).
2, 5
Let y be -2 - (-1 + 0 - 16). Let b = -27 - y. What are the prime factors of 2/(-7) + (-222)/b?
5
Let c be 4/16 - (-1)/(-4). Let r = -9 - -8. What are the prime factors of (c + r - 3)*-3?
2, 3
Let f(p) be the second derivative of p**4/12 - 5*p**3/6 + 5*p**2 + 3*p. List the prime factors of f(7).
2, 3
Let c = 24 - 15. Let v = 3 + c. List the prime factors of v.
2, 3
Let j(m) = -m**2 - 7*m + 7. Let s be j(-7). Suppose 2*g - 51 = -3*d, s*d - 33 = -g + 3*d. What are the prime factors of g?
3, 7
Let b(t) = 6*t**3 + 2*t**2 + 2*t - 2. What are the prime factors of b(2)?
2, 29
Suppose s + 19 - 4 = 0. What are the prime factors of (s/(-10))/((-6)/(-32))?
2
Suppose -4*n = -66 - 42. List the prime factors of n.
3
Let d(o) = 23*o**2 + 3*o - 2. Let y be d(2). Suppose 61 = 3*n + 4*j, 2*n - 5*n + y = -3*j. List the prime factors of n.
3
Let r = -34 + 113. List the prime factors of r.
79
Suppose 0 = -5*t + 3*c - 9, -3*c + 4 = -5. Let a be (-4)/(-1) - (t + 1). Let u(v) = 5*v + 2. What are the prime factors of u(a)?
17
What are the prime factors of 3*18*(-11)/(-11)?
2, 3
Let w(p) = -p**3 - 6*p**2 - 3*p - 3. List the prime factors of w(-6).
3, 5
Suppose 57*x - 52*x - 940 = 0. What are the prime factors of x?
2, 47
Suppose 3*s + 2*s - 10 = -5*b, 3*s - 4*b = -8. List the prime factors of (-3 - s) + 12 + 3.
2, 3
What are the prime factors of (-2*(-138)/(-9))/((-1)/3)?
2, 23
Suppose 3*u = -0*u + o + 79, 2*u + 5*o - 30 = 0. What are the prime factors of u?
5
Let o(d) be the second derivative of d**5/20 - 7*d**4/12 + d**3 + 4*d**2 + d. Let x be o(6). Suppose 2*i + x = 3*i. List the prime factors of i.
2
Let m(j) = -j. Let u be m(-2). Suppose 5*d - 142 = -u*p, p + 2 - 3 = 0. What are the prime factors of d?
2, 7
Let m = 141 + -94. List the prime factors of m.
47
Suppose -8*u + 3*x - 55 = -4*u, -5*x + 44 = -3*u. Let l = u - 7. What are the prime factors of 4*1*(-35)/l?
7
Suppose -3*f + 4*f - 66 = 0. What are the prime factors of f?
2, 3, 11
Let d(g) = g**3 + 3*g**2 + 3*g + 3. Let a be d(-2). Let m be (a + -1)*2/(-4). Suppose u + m*u - 6 = 0. List the prime factors of u.
2, 3
Let z(j) = j**2 - 8*j + 33. What are the prime factors of z(11)?
2, 3, 11
Let m(y) = y**2 - 5*y - 10. Suppose 4*q + 0*q = 20. Suppose 0 = -5*h + 3*p + 38, -4*p = -3*h - q*p + 20. What are the prime factors of m(h)?
2
Let f(z) = -56*z + 34. List the prime factors of f(-6).
2, 5, 37
Let m(v) = -v - 7. Let u(d) = -1. Let z = 0 - 2. Let c(s) = z*u(s) - m(s). List the prime factors of c(8).
17
Suppose -2*k = 3*k - 20. What are the prime factors of (-6 + k)/((-1)/3)?
2, 3
Let f be (-328)/18 + 6/27. Let p be (f/(-6))/((-6)/(-4)). Suppose -24 = -5*g + 4*j, -10 = g - 4*g - p*j. List the prime factors of g.
2
Suppose -2*r + 246 = r. List the prime factors of r.
2, 41
Let j(l) = -l**2 - 15*l + 4. Suppose -2*g = 2*o - 3*o - 19, 5*o + 3*g + 56 = 0. What are the prime factors of j(o)?
2, 3, 5
Let p(w) = -w**3 - w**2 + w + 1. Let a be p(-2). Suppose 2*y - a*d - 21 = 0, -2*d + 3*d = -5. Let v = y + 0. List the prime factors of v.
3
Let d = 11 - 12. Let q(n) = 21*n**3 - 5*n**2 - 2*n + 3. Let w(x) = 11*x**3 - 3*x**2 - x + 2. Let v(r) = -3*q(r) + 5*w(r). What are the prime factors of v(d)?
2
Let l(o) = -9*o + 19. What are the prime factors of l(-7)?
2, 41
Let o(w) = w**3 + 8*w**2 + 4*w - 12. What are the prime factors of o(-5)?
43
List the prime factors of (2*1)/(((-18)/167)/(-9)).
167
Let t(q) = 35*q + 1. List the prime factors of t(1).
2, 3
Let b = -7 - -27. Suppose 4*m + m + b = -3*z, -5*z + m + 4 = 0. Suppose 4*o - 20 + z = 0. What are the prime factors of o?
5
Suppose 0*s + 35 = 5*s. Let v be 2/(-7) - (-261)/s. Let y = -25 + v. List the prime factors of y.
2, 3
Let g(l) = -l**3 + 15*l**2 + 17*l. What are the prime factors of g(16)?
2
Let w(d) = d. Let u be w(3). Let h = 8 + u. List the prime factors of h.
11
Suppose 3*m = -2*q - q + 27, -3*m + 3 = -5*q. Suppose -o = 2*o - m. What are the prime factors of o?
2
Suppose -2*l + 50 = -0*l. What are the prime factors of l?
5
Let v(a) = a**2 + 5*a - 10. List the prime factors of v(-10).
2, 5
Let l(k) be the second derivative of k**3/6 - k**2/2 - k. List the prime factors of l(3).
2
Let a = 7 - 4. Let d(s) = -s**a - 2*s - 6*s**2 - s + s + 2. List the prime factors of d(-6).
2, 7
Let i(j) = j**3 - 2*j**2 + 3*j. Let w be i(2). Let m(x) = -x**3 + 6*x**2 + 2. Let r be m(w). Suppose r*k + 0*k = 12. What are the prime factors of k?
2, 3
Let p = -654 + 959. What are the prime factors of p?
5, 61
Let l(d) = -d + 28. What are the prime factors of l(16)?
2, 3
Let b(k) = -4 + 5 - k**2 - 5 - 8*k. Let u be b(-7). Suppose f = 8 - u. List the prime factors of f.
5
Let a be 2/((-7)/2*2/(-14)). Suppose 6*t = 3*t - 15. List the prime factors of (14/t)/(a/(-10)).
7
Let a = 9 + -17. Let t(s) = s**3 - 4*s**2 + 2*s. Let j be t(3). Let l = j - a. What are the prime factors of l?
5
Let o(z) = -z. Let u(f) = -9*f - 2. Let s(l) = -6*o(l) + u(l). List the prime factors of s(-2).
2
Let z(r) be the third derivative of -r**6/120 + r**5/12 - r**4/24 + r**3/3 + r**2. Let d be z(5). What are the prime factors of 2 + 0 + (d - -18)?
17
Suppose -x = 2*x - 42. Let s = -8 + x. Suppose -s*l = -l - 75. List the prime factors of l.
3, 5
Let l(i) = 4*i**2 + i - 1. Let t be (-5)/(-1)*4/20. Let f be l(t). List the prime factors of ((-52)/(-6))/(f/6).
13
Let j = 13 - 8. Suppose -4*p + p - 5*n = -6, 0 = j*p + n - 32. List the prime factors of p.
7
Let i(y) = 18*y + 4. List the prime factors of i(2).
2, 5
Let b be 165/12 - 2/(-8). Suppose 4*q + b = 2. What are the prime factors of